Last updated on 2024-03-28 23:55:05 CET.
Flavor | Version | Tinstall | Tcheck | Ttotal | Status | Flags |
---|---|---|---|---|---|---|
r-devel-linux-x86_64-debian-clang | 0.1.7 | 9.47 | 79.86 | 89.33 | OK | |
r-devel-linux-x86_64-debian-gcc | 0.1.7 | 5.65 | 57.75 | 63.40 | OK | |
r-devel-linux-x86_64-fedora-clang | 0.1.7 | 116.59 | NOTE | |||
r-devel-linux-x86_64-fedora-gcc | 0.1.7 | 108.00 | NOTE | |||
r-devel-windows-x86_64 | 0.1.7 | 8.00 | 77.00 | 85.00 | OK | |
r-patched-linux-x86_64 | 0.1.7 | 5.34 | 78.43 | 83.77 | OK | |
r-release-linux-x86_64 | 0.1.7 | 6.36 | 76.68 | 83.04 | OK | |
r-release-macos-arm64 | 0.1.7 | 10.00 | ERROR | |||
r-release-macos-x86_64 | 0.1.7 | 7.00 | ERROR | |||
r-release-windows-x86_64 | 0.1.7 | 11.00 | 89.00 | 100.00 | OK | |
r-oldrel-macos-arm64 | 0.1.7 | 43.00 | OK | |||
r-oldrel-windows-x86_64 | 0.1.7 | 11.00 | 84.00 | 95.00 | OK |
Version: 0.1.7
Check: data for non-ASCII characters
Result: NOTE
Note: found 2 marked UTF-8 strings
Flavors: r-devel-linux-x86_64-fedora-clang, r-devel-linux-x86_64-fedora-gcc
Version: 0.1.7
Check: package dependencies
Result: ERROR
Packages required but not available: 'HDF5Array', 'rhdf5'
See section ‘The DESCRIPTION file’ in the ‘Writing R Extensions’
manual.
Flavors: r-release-macos-arm64, r-release-macos-x86_64