Last updated on 2023-05-28 22:00:09 CEST.
Flavor | Version | Tinstall | Tcheck | Ttotal | Status | Flags |
---|---|---|---|---|---|---|
r-devel-linux-x86_64-debian-clang | 0.2.3 | 89.42 | 130.00 | 219.42 | OK | |
r-devel-linux-x86_64-debian-gcc | 0.2.3 | 69.42 | 97.44 | 166.86 | OK | |
r-devel-linux-x86_64-fedora-clang | 0.2.3 | 157.06 | OK | |||
r-devel-linux-x86_64-fedora-gcc | 0.2.3 | 319.16 | OK | |||
r-devel-windows-x86_64 | 0.2.3 | 67.00 | 135.00 | 202.00 | OK | |
r-patched-linux-x86_64 | 0.2.3 | 70.10 | 117.54 | 187.64 | OK | |
r-release-linux-x86_64 | 0.2.3 | 70.89 | 119.16 | 190.05 | OK | |
r-release-macos-arm64 | 0.2.3 | 92.00 | NOTE | |||
r-release-macos-x86_64 | 0.2.3 | 145.00 | NOTE | |||
r-release-windows-x86_64 | 0.2.3 | 79.00 | 169.00 | 248.00 | OK | |
r-oldrel-macos-arm64 | 0.2.3 | 87.00 | NOTE | |||
r-oldrel-macos-x86_64 | 0.2.3 | 99.00 | NOTE | |||
r-oldrel-windows-x86_64 | 0.2.3 | 73.00 | 163.00 | 236.00 | OK |
Version: 0.2.3
Check: installed package size
Result: NOTE
installed size is 13.9Mb
sub-directories of 1Mb or more:
doc 1.3Mb
libs 12.0Mb
Flavors: r-release-macos-arm64, r-release-macos-x86_64, r-oldrel-macos-arm64, r-oldrel-macos-x86_64