CRAN Package Check Results for Package eclust

Last updated on 2023-10-04 00:58:21 CEST.

Flavor Version Tinstall Tcheck Ttotal Status Flags
r-devel-linux-x86_64-debian-clang 0.1.0 7.40 192.11 199.51 OK
r-devel-linux-x86_64-debian-gcc 0.1.0 6.24 125.22 131.46 OK
r-devel-linux-x86_64-fedora-clang 0.1.0 250.59 NOTE
r-devel-linux-x86_64-fedora-gcc 0.1.0 258.10 NOTE
r-devel-windows-x86_64 0.1.0 9.00 182.00 191.00 OK
r-patched-linux-x86_64 0.1.0 5.56 195.33 200.89 OK
r-release-linux-x86_64 0.1.0 6.08 191.67 197.75 OK
r-release-macos-arm64 0.1.0 86.00 OK
r-release-macos-x86_64 0.1.0 153.00 OK
r-release-windows-x86_64 0.1.0 10.00 241.00 251.00 OK
r-oldrel-macos-arm64 0.1.0 88.00 NOTE
r-oldrel-macos-x86_64 0.1.0 176.00 NOTE
r-oldrel-windows-x86_64 0.1.0 11.00 250.00 261.00 OK

Check Details

Version: 0.1.0
Check: dependencies in R code
Result: NOTE
    Namespace in Imports field not imported from: ‘pander’
     All declared Imports should be used.
Flavors: r-devel-linux-x86_64-fedora-clang, r-devel-linux-x86_64-fedora-gcc, r-oldrel-macos-arm64, r-oldrel-macos-x86_64