Last updated on 2024-03-28 15:49:46 CET.
Flavor | Version | Tinstall | Tcheck | Ttotal | Status | Flags |
---|---|---|---|---|---|---|
r-devel-linux-x86_64-debian-clang | 0.1.0 | 7.21 | 191.35 | 198.56 | OK | |
r-devel-linux-x86_64-debian-gcc | 0.1.0 | 4.72 | 128.61 | 133.33 | OK | |
r-devel-linux-x86_64-fedora-clang | 0.1.0 | 268.74 | NOTE | |||
r-devel-linux-x86_64-fedora-gcc | 0.1.0 | 280.30 | NOTE | |||
r-devel-windows-x86_64 | 0.1.0 | 8.00 | 177.00 | 185.00 | OK | |
r-patched-linux-x86_64 | 0.1.0 | 5.28 | 192.28 | 197.56 | OK | |
r-release-linux-x86_64 | 0.1.0 | 4.91 | 194.36 | 199.27 | OK | |
r-release-macos-arm64 | 0.1.0 | 86.00 | OK | |||
r-release-macos-x86_64 | 0.1.0 | 153.00 | OK | |||
r-release-windows-x86_64 | 0.1.0 | 10.00 | 241.00 | 251.00 | OK | |
r-oldrel-macos-arm64 | 0.1.0 | 88.00 | NOTE | |||
r-oldrel-windows-x86_64 | 0.1.0 | 11.00 | 236.00 | 247.00 | OK |
Version: 0.1.0
Check: dependencies in R code
Result: NOTE
Namespace in Imports field not imported from: ‘pander’
All declared Imports should be used.
Flavors: r-devel-linux-x86_64-fedora-clang, r-devel-linux-x86_64-fedora-gcc, r-oldrel-macos-arm64