CRAN Package Check Results for Package ecolRxC

Last updated on 2024-07-14 08:48:20 CEST.

Flavor Version Tinstall Tcheck Ttotal Status Flags
r-devel-linux-x86_64-debian-clang 0.1.1-10 5.80 40.15 45.95 NOTE
r-devel-linux-x86_64-debian-gcc 0.1.1-10 4.51 29.49 34.00 NOTE
r-devel-linux-x86_64-fedora-clang 0.1.1-10 58.42 NOTE
r-devel-linux-x86_64-fedora-gcc 0.1.1-10 53.71 NOTE
r-devel-windows-x86_64 0.1.1-10 5.00 49.00 54.00 NOTE
r-patched-linux-x86_64 0.1.1-10 6.33 38.69 45.02 NOTE
r-release-linux-x86_64 0.1.1-10 5.29 39.65 44.94 NOTE
r-release-macos-arm64 0.1.1-10 18.00 NOTE
r-release-macos-x86_64 0.1.1-10 27.00 NOTE
r-release-windows-x86_64 0.1.1-10 5.00 49.00 54.00 NOTE
r-oldrel-macos-arm64 0.1.1-10 22.00 OK
r-oldrel-macos-x86_64 0.1.1-10 31.00 OK
r-oldrel-windows-x86_64 0.1.1-10 5.00 52.00 57.00 OK

Check Details

Version: 0.1.1-10
Check: Rd files
Result: NOTE checkRd: (-1) ecolRxC.Rd:161-166: Lost braces in \itemize; meant \describe ? checkRd: (-1) ecolRxC.Rd:167-175: Lost braces in \itemize; meant \describe ? checkRd: (-1) ecolRxC.Rd:176-178: Lost braces in \itemize; meant \describe ? checkRd: (-1) ecolRxC.Rd:179-185: Lost braces in \itemize; meant \describe ? checkRd: (-1) ecolRxC.Rd:186-192: Lost braces in \itemize; meant \describe ? checkRd: (-1) ecolRxC.Rd:193-201: Lost braces in \itemize; meant \describe ? checkRd: (-1) ecolRxC.Rd:202-208: Lost braces in \itemize; meant \describe ? checkRd: (-1) ecolRxC.Rd:209-216: Lost braces in \itemize; meant \describe ? checkRd: (-1) ecolRxC.Rd:217-221: Lost braces in \itemize; meant \describe ? Flavors: r-devel-linux-x86_64-debian-clang, r-devel-linux-x86_64-debian-gcc, r-devel-linux-x86_64-fedora-clang, r-devel-linux-x86_64-fedora-gcc, r-devel-windows-x86_64, r-patched-linux-x86_64, r-release-linux-x86_64, r-release-macos-arm64, r-release-macos-x86_64, r-release-windows-x86_64