CRAN Package Check Results for Package econet

Last updated on 2023-09-23 16:54:00 CEST.

Flavor Version Tinstall Tcheck Ttotal Status Flags
r-devel-linux-x86_64-debian-clang 1.0.0 21.40 152.80 174.20 OK
r-devel-linux-x86_64-debian-gcc 1.0.0 15.75 112.66 128.41 OK
r-devel-linux-x86_64-fedora-clang 1.0.0 212.12 OK
r-devel-linux-x86_64-fedora-gcc 1.0.0 232.25 OK
r-devel-windows-x86_64 1.0.0 16.00 145.00 161.00 OK
r-patched-linux-x86_64 1.0.0 19.80 145.40 165.20 OK
r-release-linux-x86_64 1.0.0 19.32 148.16 167.48 OK
r-release-macos-arm64 1.0.0 75.00 OK
r-release-macos-x86_64 1.0.0 150.00 OK
r-release-windows-x86_64 1.0.0 22.00 165.00 187.00 OK
r-oldrel-macos-arm64 1.0.0 62.00 OK
r-oldrel-macos-x86_64 1.0.0 85.00 WARN
r-oldrel-windows-x86_64 1.0.0 22.00 173.00 195.00 OK

Check Details

Version: 1.0.0
Check: re-building of vignette outputs
Result: WARN
    Error(s) in re-building vignettes:
     ...
    --- re-building ‘econet.tex’ using tex
    Error: processing vignette 'econet.tex' failed with diagnostics:
    Running 'texi2dvi' on 'econet.tex' failed.
    LaTeX errors:
    ! LaTeX Error: File `orcidlink.sty' not found.
    
    Type X to quit or <RETURN> to proceed,
    or enter new name. (Default extension: sty)
    
    ! Emergency stop.
    <read *>
    
    l.5 \graphicspath
     {{Figures/}}^^M
    ! ==> Fatal error occurred, no output PDF file produced!
    --- failed re-building ‘econet.tex’
    
    SUMMARY: processing the following file failed:
     ‘econet.tex’
    
    Error: Vignette re-building failed.
    Execution halted
Flavor: r-oldrel-macos-x86_64