CRAN Package Check Results for Package econetwork

Last updated on 2021-11-30 04:59:50 CET.

Flavor Version Tinstall Tcheck Ttotal Status Flags
r-devel-linux-x86_64-debian-clang 0.6.0 55.64 126.12 181.76 OK
r-devel-linux-x86_64-debian-gcc 0.6.0 37.92 92.99 130.91 OK
r-devel-linux-x86_64-fedora-clang 0.6.0 245.18 NOTE
r-devel-linux-x86_64-fedora-gcc 0.6.0 220.63 OK
r-devel-windows-x86_64-new-UL 0.6.0 81.00 218.00 299.00 OK
r-devel-windows-x86_64-new-TK 0.6.0 OK
r-devel-windows-x86_64-old 0.6.0 73.00 130.00 203.00 OK
r-patched-linux-x86_64 0.6.0 47.52 116.60 164.12 OK
r-patched-solaris-x86 0.6.0 273.80 OK
r-release-linux-x86_64 0.6.0 34.89 117.24 152.13 OK
r-release-macos-arm64 0.6.0 NOTE
r-release-macos-x86_64 0.6.0 NOTE
r-release-windows-ix86+x86_64 0.6.0 132.00 155.00 287.00 OK
r-oldrel-macos-x86_64 0.6.0 NOTE
r-oldrel-windows-ix86+x86_64 0.6.0 98.00 212.00 310.00 OK

Check Details

Version: 0.6.0
Check: installed package size
Result: NOTE
     installed size is 8.7Mb
     sub-directories of 1Mb or more:
     libs 8.5Mb
Flavors: r-devel-linux-x86_64-fedora-clang, r-release-macos-arm64, r-release-macos-x86_64, r-oldrel-macos-x86_64