Last updated on 2022-06-28 08:51:25 CEST.
Flavor | Version | Tinstall | Tcheck | Ttotal | Status | Flags |
---|---|---|---|---|---|---|
r-devel-linux-x86_64-debian-clang | 3.3 | 58.88 | 543.39 | 602.27 | OK | |
r-devel-linux-x86_64-debian-gcc | 3.3 | 46.10 | 398.52 | 444.62 | OK | |
r-devel-linux-x86_64-fedora-clang | 3.3 | 702.38 | WARN | |||
r-devel-linux-x86_64-fedora-gcc | 3.3 | 702.18 | WARN | |||
r-devel-windows-x86_64 | 3.3 | 91.00 | 586.00 | 677.00 | OK | |
r-patched-linux-x86_64 | 3.3 | 60.14 | 510.19 | 570.33 | OK | |
r-release-linux-x86_64 | 3.3 | 48.83 | 511.24 | 560.07 | OK | |
r-release-macos-arm64 | 3.3 | 190.00 | OK | |||
r-release-macos-x86_64 | 3.3 | 220.00 | OK | |||
r-release-windows-x86_64 | 3.3 | 89.00 | 575.00 | 664.00 | OK | |
r-oldrel-macos-arm64 | 3.3 | 191.00 | OK | |||
r-oldrel-macos-x86_64 | 3.3 | 211.00 | OK | |||
r-oldrel-windows-ix86+x86_64 | 3.3 | 119.00 | 608.00 | 727.00 | OK |
Version: 3.3
Check: package dependencies
Result: WARN
Imports includes 22 non-default packages.
Importing from so many packages makes the package vulnerable to any of
them becoming unavailable. Move as many as possible to Suggests and
use conditionally.
Requires orphaned package: ‘gtools’
Flavor: r-devel-linux-x86_64-fedora-clang
Version: 3.3
Check: package dependencies
Result: WARN
Requires orphaned package: ‘gtools’
Flavor: r-devel-linux-x86_64-fedora-gcc