Last updated on 2024-04-24 00:55:41 CEST.
Flavor | Version | Tinstall | Tcheck | Ttotal | Status | Flags |
---|---|---|---|---|---|---|
r-devel-linux-x86_64-debian-clang | 2.1.1 | 37.70 | 213.21 | 250.91 | NOTE | |
r-devel-linux-x86_64-debian-gcc | 2.1.1 | 24.76 | 147.92 | 172.68 | NOTE | |
r-devel-linux-x86_64-fedora-clang | 2.1.1 | 315.53 | NOTE | |||
r-devel-linux-x86_64-fedora-gcc | 2.1.1 | 308.53 | NOTE | |||
r-prerel-macos-arm64 | 2.1.1 | 110.00 | NOTE | |||
r-prerel-windows-x86_64 | 2.1.1 | 36.00 | 211.00 | 247.00 | NOTE | |
r-patched-linux-x86_64 | 2.1.1 | 36.17 | 203.87 | 240.04 | NOTE | |
r-release-linux-x86_64 | 2.1.1 | 30.45 | 205.88 | 236.33 | OK | |
r-release-macos-arm64 | 2.1.1 | 124.00 | OK | |||
r-release-macos-x86_64 | 2.1.1 | 192.00 | OK | |||
r-release-windows-x86_64 | 2.1.1 | 44.00 | 254.00 | 298.00 | OK | |
r-oldrel-macos-arm64 | 2.1.1 | 148.00 | OK | |||
r-oldrel-windows-x86_64 | 2.1.1 | 41.00 | 238.00 | 279.00 | OK |
Version: 2.1.1
Check: Rd files
Result: NOTE
checkRd: (-1) transformFitness.Rd:25: Lost braces; missing escapes or markup?
25 | minimization (most others). This function computes a factor from {-1, 1} for
| ^
Flavors: r-devel-linux-x86_64-debian-clang, r-devel-linux-x86_64-debian-gcc, r-devel-linux-x86_64-fedora-clang, r-devel-linux-x86_64-fedora-gcc, r-prerel-macos-arm64, r-prerel-windows-x86_64, r-patched-linux-x86_64