Last updated on 2024-04-18 16:49:52 CEST.
Flavor | Version | Tinstall | Tcheck | Ttotal | Status | Flags |
---|---|---|---|---|---|---|
r-devel-linux-x86_64-debian-clang | 0.4.2 | 41.97 | 99.55 | 141.52 | OK | |
r-devel-linux-x86_64-debian-gcc | 0.4.2 | 31.38 | 73.33 | 104.71 | OK | |
r-devel-linux-x86_64-fedora-clang | 0.4.2 | 188.84 | NOTE | |||
r-devel-linux-x86_64-fedora-gcc | 0.4.2 | 179.32 | NOTE | |||
r-prerel-macos-arm64 | 0.4.2 | 47.00 | OK | |||
r-prerel-windows-x86_64 | 0.4.2 | 32.00 | 102.00 | 134.00 | OK | |
r-patched-linux-x86_64 | 0.4.2 | 42.26 | 92.94 | 135.20 | OK | |
r-release-linux-x86_64 | 0.4.2 | 34.79 | 97.01 | 131.80 | OK | |
r-release-macos-arm64 | 0.4.2 | 54.00 | OK | |||
r-release-macos-x86_64 | 0.4.2 | 116.00 | OK | |||
r-release-windows-x86_64 | 0.4.2 | 41.00 | 125.00 | 166.00 | OK | |
r-oldrel-macos-arm64 | 0.4.2 | 54.00 | OK | |||
r-oldrel-windows-x86_64 | 0.4.2 | 40.00 | 124.00 | 164.00 | OK |
Version: 0.4.2
Check: data for non-ASCII characters
Result: NOTE
Note: found 22 marked UTF-8 strings
Flavors: r-devel-linux-x86_64-fedora-clang, r-devel-linux-x86_64-fedora-gcc