CRAN Package Check Results for Package edgebundleR

Last updated on 2021-09-25 04:57:34 CEST.

Flavor Version Tinstall Tcheck Ttotal Status Flags
r-devel-linux-x86_64-debian-clang 0.1.4 3.48 39.19 42.67 NOTE
r-devel-linux-x86_64-debian-gcc 0.1.4 2.92 30.89 33.81 NOTE
r-devel-linux-x86_64-fedora-clang 0.1.4 60.14 NOTE
r-devel-linux-x86_64-fedora-gcc 0.1.4 49.94 NOTE
r-devel-windows-x86_64 0.1.4 6.00 45.00 51.00 NOTE
r-devel-windows-x86_64-gcc10-UCRT 0.1.4 NOTE
r-patched-linux-x86_64 0.1.4 3.15 38.39 41.54 NOTE
r-patched-solaris-x86 0.1.4 81.00 NOTE
r-release-linux-x86_64 0.1.4 3.42 37.64 41.06 NOTE
r-release-macos-arm64 0.1.4 NOTE
r-release-macos-x86_64 0.1.4 NOTE
r-release-windows-ix86+x86_64 0.1.4 10.00 43.00 53.00 NOTE
r-oldrel-macos-x86_64 0.1.4 OK
r-oldrel-windows-ix86+x86_64 0.1.4 7.00 47.00 54.00 OK

Check Details

Version: 0.1.4
Check: LazyData
Result: NOTE
     'LazyData' is specified without a 'data' directory
Flavors: r-devel-linux-x86_64-debian-clang, r-devel-linux-x86_64-debian-gcc, r-devel-linux-x86_64-fedora-clang, r-devel-linux-x86_64-fedora-gcc, r-devel-windows-x86_64, r-devel-windows-x86_64-gcc10-UCRT, r-patched-linux-x86_64, r-patched-solaris-x86, r-release-linux-x86_64, r-release-macos-arm64, r-release-macos-x86_64, r-release-windows-ix86+x86_64