CRAN Package Check Results for Package editData

Last updated on 2021-09-22 13:06:56 CEST.

Flavor Version Tinstall Tcheck Ttotal Status Flags
r-devel-linux-x86_64-debian-clang 0.1.8 6.86 60.07 66.93 OK
r-devel-linux-x86_64-debian-gcc 0.1.8 5.71 44.94 50.65 OK
r-devel-linux-x86_64-fedora-clang 0.1.8 86.20 NOTE
r-devel-linux-x86_64-fedora-gcc 0.1.8 76.24 NOTE
r-devel-windows-x86_64 0.1.8 9.00 65.00 74.00 OK
r-devel-windows-x86_64-gcc10-UCRT 0.1.8 ERROR
r-patched-linux-x86_64 0.1.8 6.49 55.62 62.11 OK
r-patched-solaris-x86 0.1.8 117.80 NOTE
r-release-linux-x86_64 0.1.8 7.37 55.50 62.87 OK
r-release-macos-arm64 0.1.8 NOTE
r-release-macos-x86_64 0.1.8 NOTE
r-release-windows-ix86+x86_64 0.1.8 18.00 67.00 85.00 OK
r-oldrel-macos-x86_64 0.1.8 NOTE
r-oldrel-windows-ix86+x86_64 0.1.8 12.00 64.00 76.00 OK

Check Details

Version: 0.1.8
Check: dependencies in R code
Result: NOTE
    Namespaces in Imports field not imported from:
     ‘dplyr’ ‘magrittr’ ‘tibble’
     All declared Imports should be used.
Flavors: r-devel-linux-x86_64-fedora-clang, r-devel-linux-x86_64-fedora-gcc, r-devel-windows-x86_64-gcc10-UCRT, r-patched-solaris-x86, r-release-macos-arm64, r-release-macos-x86_64, r-oldrel-macos-x86_64

Version: 0.1.8
Check: PDF version of manual
Result: WARN
    LaTeX errors when creating PDF version.
    This typically indicates Rd problems.
Flavor: r-devel-windows-x86_64-gcc10-UCRT

Version: 0.1.8
Check: PDF version of manual without hyperrefs or index
Result: ERROR
    Re-running with no redirection of stdout/stderr.
Flavor: r-devel-windows-x86_64-gcc10-UCRT