Last updated on 2023-06-05 16:54:53 CEST.
Flavor | Version | Tinstall | Tcheck | Ttotal | Status | Flags |
---|---|---|---|---|---|---|
r-devel-linux-x86_64-debian-clang | 1.0.1 | 25.63 | 33.45 | 59.08 | NOTE | |
r-devel-linux-x86_64-debian-gcc | 1.0.1 | 18.49 | 26.44 | 44.93 | NOTE | |
r-devel-linux-x86_64-fedora-clang | 1.0.1 | 84.60 | NOTE | |||
r-devel-linux-x86_64-fedora-gcc | 1.0.1 | 87.66 | NOTE | |||
r-devel-windows-x86_64 | 1.0.1 | 20.00 | 67.00 | 87.00 | NOTE | |
r-patched-linux-x86_64 | 1.0.1 | 19.41 | 32.59 | 52.00 | NOTE | |
r-release-linux-x86_64 | 1.0.1 | 18.62 | 32.82 | 51.44 | NOTE | |
r-release-macos-arm64 | 1.0.1 | 36.00 | NOTE | |||
r-release-macos-x86_64 | 1.0.1 | 52.00 | NOTE | |||
r-release-windows-x86_64 | 1.0.1 | 26.00 | 75.00 | 101.00 | NOTE | |
r-oldrel-macos-arm64 | 1.0.1 | 31.00 | OK | |||
r-oldrel-macos-x86_64 | 1.0.1 | 35.00 | OK | |||
r-oldrel-windows-x86_64 | 1.0.1 | 26.00 | 75.00 | 101.00 | OK |
Version: 1.0.1
Check: C++ specification
Result: NOTE
Specified C++11: please drop specification unless essential
Flavors: r-devel-linux-x86_64-debian-clang, r-devel-linux-x86_64-debian-gcc, r-devel-linux-x86_64-fedora-clang, r-devel-linux-x86_64-fedora-gcc, r-devel-windows-x86_64, r-patched-linux-x86_64, r-release-linux-x86_64, r-release-macos-arm64, r-release-macos-x86_64, r-release-windows-x86_64