CRAN Package Check Results for Package educationdata

Last updated on 2023-12-03 08:50:06 CET.

Flavor Version Tinstall Tcheck Ttotal Status Flags
r-devel-linux-x86_64-debian-clang 0.1.3 2.94 29.84 32.78 OK
r-devel-linux-x86_64-debian-gcc 0.1.3 2.25 23.74 25.99 OK
r-devel-linux-x86_64-fedora-clang 0.1.3 42.00 OK
r-devel-linux-x86_64-fedora-gcc 0.1.3 51.11 OK
r-devel-windows-x86_64 0.1.3 4.00 43.00 47.00 ERROR
r-patched-linux-x86_64 0.1.3 2.05 29.76 31.81 OK
r-release-linux-x86_64 0.1.3 1.85 29.86 31.71 OK
r-release-macos-arm64 0.1.3 35.00 OK
r-release-macos-x86_64 0.1.3 44.00 OK
r-release-windows-x86_64 0.1.3 4.00 244.00 248.00 OK
r-oldrel-macos-arm64 0.1.3 31.00 OK
r-oldrel-macos-x86_64 0.1.3 35.00 OK
r-oldrel-windows-x86_64 0.1.3 4.00 48.00 52.00 ERROR

Check Details

Version: 0.1.3
Check: re-building of vignette outputs
Result: ERROR Error(s) in re-building vignettes: --- re-building 'introducing-educationdata.Rmd' using rmarkdown Quitting from lines 55-64 [usage-02] (introducing-educationdata.Rmd) Error: processing vignette 'introducing-educationdata.Rmd' failed with diagnostics: API currently unavailable. Please try again later. --- failed re-building 'introducing-educationdata.Rmd' SUMMARY: processing the following file failed: 'introducing-educationdata.Rmd' Error: Vignette re-building failed. Execution halted Flavors: r-devel-windows-x86_64, r-oldrel-windows-x86_64