Last updated on 2023-06-10 16:53:34 CEST.
Flavor | Version | Tinstall | Tcheck | Ttotal | Status | Flags |
---|---|---|---|---|---|---|
r-devel-linux-x86_64-debian-clang | 0.1.0 | 6.03 | 263.15 | 269.18 | NOTE | |
r-devel-linux-x86_64-debian-gcc | 0.1.0 | 4.61 | 204.75 | 209.36 | NOTE | |
r-devel-linux-x86_64-fedora-clang | 0.1.0 | 341.11 | NOTE | |||
r-devel-linux-x86_64-fedora-gcc | 0.1.0 | 339.35 | NOTE | |||
r-devel-windows-x86_64 | 0.1.0 | 7.00 | 256.00 | 263.00 | NOTE | |
r-patched-linux-x86_64 | 0.1.0 | 6.28 | 261.19 | 267.47 | NOTE | |
r-release-linux-x86_64 | 0.1.0 | 6.10 | 260.69 | 266.79 | NOTE | |
r-release-macos-arm64 | 0.1.0 | 181.00 | NOTE | |||
r-release-macos-x86_64 | 0.1.0 | 263.00 | NOTE | |||
r-release-windows-x86_64 | 0.1.0 | 8.00 | 282.00 | 290.00 | NOTE | |
r-oldrel-macos-arm64 | 0.1.0 | 153.00 | NOTE | |||
r-oldrel-macos-x86_64 | 0.1.0 | 237.00 | NOTE | |||
r-oldrel-windows-x86_64 | 0.1.0 | 7.00 | 290.00 | 297.00 | NOTE |
Version: 0.1.0
Check: LazyData
Result: NOTE
'LazyData' is specified without a 'data' directory
Flavors: r-devel-linux-x86_64-debian-clang, r-devel-linux-x86_64-debian-gcc, r-devel-linux-x86_64-fedora-clang, r-devel-linux-x86_64-fedora-gcc, r-devel-windows-x86_64, r-patched-linux-x86_64, r-release-linux-x86_64, r-release-macos-arm64, r-release-macos-x86_64, r-release-windows-x86_64, r-oldrel-macos-arm64, r-oldrel-macos-x86_64, r-oldrel-windows-x86_64