CRAN Package Check Results for Package effectR

Last updated on 2021-09-26 20:49:06 CEST.

Flavor Version Tinstall Tcheck Ttotal Status Flags
r-devel-linux-x86_64-debian-clang 1.0.2 4.21 42.02 46.23 OK
r-devel-linux-x86_64-debian-gcc 1.0.2 3.28 33.59 36.87 OK
r-devel-linux-x86_64-fedora-clang 1.0.2 63.71 NOTE
r-devel-linux-x86_64-fedora-gcc 1.0.2 53.04 NOTE
r-devel-windows-x86_64 1.0.2 5.00 44.00 49.00 OK
r-devel-windows-x86_64-gcc10-UCRT 1.0.2 NOTE
r-patched-linux-x86_64 1.0.2 8.50 40.82 49.32 OK
r-patched-solaris-x86 1.0.2 81.30 NOTE
r-release-linux-x86_64 1.0.2 3.94 40.26 44.20 OK
r-release-macos-arm64 1.0.2 NOTE
r-release-macos-x86_64 1.0.2 NOTE
r-release-windows-ix86+x86_64 1.0.2 10.00 48.00 58.00 OK
r-oldrel-macos-x86_64 1.0.2 NOTE
r-oldrel-windows-ix86+x86_64 1.0.2 9.00 48.00 57.00 OK

Check Details

Version: 1.0.2
Check: dependencies in R code
Result: NOTE
    Namespace in Imports field not imported from: ‘rmarkdown’
     All declared Imports should be used.
Flavors: r-devel-linux-x86_64-fedora-clang, r-devel-linux-x86_64-fedora-gcc, r-devel-windows-x86_64-gcc10-UCRT, r-patched-solaris-x86, r-release-macos-arm64, r-release-macos-x86_64, r-oldrel-macos-x86_64