Last updated on 2022-06-28 08:51:25 CEST.
Flavor | Version | Tinstall | Tcheck | Ttotal | Status | Flags |
---|---|---|---|---|---|---|
r-devel-linux-x86_64-debian-clang | 0.7.0 | 7.51 | 229.38 | 236.89 | NOTE | |
r-devel-linux-x86_64-debian-gcc | 0.7.0 | 6.56 | 167.90 | 174.46 | NOTE | |
r-devel-linux-x86_64-fedora-clang | 0.7.0 | 281.46 | NOTE | |||
r-devel-linux-x86_64-fedora-gcc | 0.7.0 | 304.56 | NOTE | |||
r-devel-windows-x86_64 | 0.7.0 | 101.00 | 268.00 | 369.00 | NOTE | |
r-patched-linux-x86_64 | 0.7.0 | 9.16 | 214.84 | 224.00 | OK | |
r-release-linux-x86_64 | 0.7.0 | 7.68 | 217.56 | 225.24 | OK | |
r-release-macos-arm64 | 0.7.0 | 5.00 | ERROR | |||
r-release-macos-x86_64 | 0.7.0 | 104.00 | OK | |||
r-release-windows-x86_64 | 0.7.0 | 106.00 | 260.00 | 366.00 | OK | |
r-oldrel-macos-arm64 | 0.7.0 | 191.00 | OK | |||
r-oldrel-macos-x86_64 | 0.7.0 | 113.00 | OK | |||
r-oldrel-windows-ix86+x86_64 | 0.7.0 | 26.00 | 277.00 | 303.00 | OK |
Version: 0.7.0
Check: Rd files
Result: NOTE
checkRd: (-1) eta_squared.Rd:164: Escaped LaTeX specials: \&
checkRd: (-1) eta_squared.Rd:321: Escaped LaTeX specials: \&
checkRd: (-1) interpret_gfi.Rd:133: Escaped LaTeX specials: \&
checkRd: (-1) interpret_gfi.Rd:135: Escaped LaTeX specials: \&
checkRd: (-1) interpret_gfi.Rd:137: Escaped LaTeX specials: \&
checkRd: (-1) interpret_icc.Rd:38: Escaped LaTeX specials: \&
checkRd: (-1) interpret_pd.Rd:45: Escaped LaTeX specials: \&
Flavors: r-devel-linux-x86_64-debian-clang, r-devel-linux-x86_64-debian-gcc, r-devel-linux-x86_64-fedora-clang, r-devel-linux-x86_64-fedora-gcc, r-devel-windows-x86_64
Version: 0.7.0
Check: package dependencies
Result: ERROR
Packages required and available but unsuitable versions:
'parameters', 'performance', 'datawizard'
See section ‘The DESCRIPTION file’ in the ‘Writing R Extensions’
manual.
Flavor: r-release-macos-arm64