CRAN Package Check Results for Package efreadr

Last updated on 2024-02-21 00:54:27 CET.

Flavor Version Tinstall Tcheck Ttotal Status Flags
r-devel-linux-x86_64-debian-clang 0.2.2 NOTE
r-devel-linux-x86_64-debian-gcc 0.2.2 3.87 33.27 37.14 NOTE
r-devel-linux-x86_64-fedora-clang 0.2.2 61.56 NOTE
r-devel-linux-x86_64-fedora-gcc 0.2.2 58.38 NOTE
r-devel-windows-x86_64 0.2.2 6.00 60.00 66.00 NOTE
r-patched-linux-x86_64 0.2.2 4.19 43.07 47.26 NOTE
r-release-linux-x86_64 0.2.2 3.75 42.77 46.52 NOTE
r-release-macos-arm64 0.2.2 23.00 NOTE
r-release-macos-x86_64 0.2.2 33.00 NOTE
r-release-windows-x86_64 0.2.2 8.00 61.00 69.00 NOTE
r-oldrel-macos-arm64 0.2.2 22.00 NOTE
r-oldrel-windows-x86_64 0.2.2 7.00 65.00 72.00 NOTE

Check Details

Version: 0.2.2
Check: LazyData
Result: NOTE 'LazyData' is specified without a 'data' directory Flavors: r-devel-linux-x86_64-debian-clang, r-devel-linux-x86_64-debian-gcc, r-devel-linux-x86_64-fedora-clang, r-devel-linux-x86_64-fedora-gcc, r-devel-windows-x86_64, r-patched-linux-x86_64, r-release-linux-x86_64, r-release-macos-arm64, r-release-macos-x86_64, r-release-windows-x86_64, r-oldrel-macos-arm64, r-oldrel-windows-x86_64