CRAN Package Check Results for Package efts

Last updated on 2021-10-26 20:50:51 CEST.

Flavor Version Tinstall Tcheck Ttotal Status Flags
r-devel-linux-x86_64-debian-clang 0.9-0 6.10 51.39 57.49 OK
r-devel-linux-x86_64-debian-gcc 0.9-0 4.43 39.64 44.07 OK
r-devel-linux-x86_64-fedora-clang 0.9-0 78.75 OK
r-devel-linux-x86_64-fedora-gcc 0.9-0 66.91 OK
r-devel-windows-x86_64 0.9-0 13.00 74.00 87.00 OK
r-devel-windows-x86_64-gcc10-UCRT 0.9-0 OK
r-patched-linux-x86_64 0.9-0 5.39 44.21 49.60 OK
r-patched-solaris-x86 0.9-0 110.50 OK
r-release-linux-x86_64 0.9-0 5.58 43.59 49.17 OK
r-release-macos-arm64 0.9-0 ERROR
r-release-macos-x86_64 0.9-0 ERROR
r-release-windows-ix86+x86_64 0.9-0 9.00 63.00 72.00 OK
r-oldrel-macos-x86_64 0.9-0 OK
r-oldrel-windows-ix86+x86_64 0.9-0 16.00 71.00 87.00 OK

Check Details

Version: 0.9-0
Check: package dependencies
Result: ERROR
    Package required but not available: ‘udunits2’
    
    See section ‘The DESCRIPTION file’ in the ‘Writing R Extensions’
    manual.
Flavors: r-release-macos-arm64, r-release-macos-x86_64