Last updated on 2024-03-27 23:59:42 CET.
Flavor | Version | Tinstall | Tcheck | Ttotal | Status | Flags |
---|---|---|---|---|---|---|
r-devel-linux-x86_64-debian-clang | 1.0.3 | 10.49 | 208.39 | 218.88 | OK | |
r-devel-linux-x86_64-debian-gcc | 1.0.3 | 7.94 | 151.53 | 159.47 | OK | |
r-devel-linux-x86_64-fedora-clang | 1.0.3 | 257.60 | NOTE | |||
r-devel-linux-x86_64-fedora-gcc | 1.0.3 | 274.65 | NOTE | |||
r-devel-windows-x86_64 | 1.0.3 | 13.00 | 312.00 | 325.00 | OK | |
r-patched-linux-x86_64 | 1.0.3 | 8.69 | 198.24 | 206.93 | OK | |
r-release-linux-x86_64 | 1.0.3 | 10.26 | 201.16 | 211.42 | OK | |
r-release-macos-arm64 | 1.0.3 | 98.00 | OK | |||
r-release-macos-x86_64 | 1.0.3 | 308.00 | OK | |||
r-release-windows-x86_64 | 1.0.3 | 16.00 | 295.00 | 311.00 | OK | |
r-oldrel-macos-arm64 | 1.0.3 | 85.00 | OK | |||
r-oldrel-windows-x86_64 | 1.0.3 | 15.00 | 299.00 | 314.00 | OK |
Version: 1.0.3
Check: dependencies in R code
Result: NOTE
Namespace in Imports field not imported from: ‘snow’
All declared Imports should be used.
Flavors: r-devel-linux-x86_64-fedora-clang, r-devel-linux-x86_64-fedora-gcc