CRAN Package Check Results for Package eimpute

Last updated on 2023-06-02 18:52:43 CEST.

Flavor Version Tinstall Tcheck Ttotal Status Flags
r-devel-linux-x86_64-debian-clang 0.2.2 122.55 30.47 153.02 NOTE
r-devel-linux-x86_64-debian-gcc 0.2.2 123.98 29.58 153.56 NOTE
r-devel-linux-x86_64-fedora-clang 0.2.2 210.78 NOTE
r-devel-linux-x86_64-fedora-gcc 0.2.2 281.61 NOTE
r-devel-windows-x86_64 0.2.2 95.00 84.00 179.00 NOTE
r-patched-linux-x86_64 0.2.2 NOTE
r-release-linux-x86_64 0.2.2 125.80 37.13 162.93 NOTE
r-release-macos-arm64 0.2.2 80.00 NOTE
r-release-macos-x86_64 0.2.2 120.00 NOTE
r-release-windows-x86_64 0.2.2 123.00 86.00 209.00 NOTE
r-oldrel-macos-arm64 0.2.2 69.00 NOTE
r-oldrel-macos-x86_64 0.2.2 83.00 NOTE
r-oldrel-windows-x86_64 0.2.2 118.00 76.00 194.00 OK

Check Details

Version: 0.2.2
Check: C++ specification
Result: NOTE
     Specified C++14: please drop specification unless essential
Flavors: r-devel-linux-x86_64-debian-clang, r-devel-linux-x86_64-debian-gcc, r-devel-linux-x86_64-fedora-clang, r-devel-linux-x86_64-fedora-gcc, r-patched-linux-x86_64, r-release-linux-x86_64, r-release-macos-arm64, r-release-macos-x86_64

Version: 0.2.2
Check: C++ specification
Result: NOTE
     Specified C++11: please drop specification unless essential
Flavors: r-devel-windows-x86_64, r-release-windows-x86_64

Version: 0.2.2
Check: installed package size
Result: NOTE
     installed size is 47.2Mb
     sub-directories of 1Mb or more:
     libs 46.2Mb
Flavors: r-release-macos-arm64, r-release-macos-x86_64, r-oldrel-macos-arm64, r-oldrel-macos-x86_64