Last updated on 2023-06-05 09:53:59 CEST.
Flavor | Version | Tinstall | Tcheck | Ttotal | Status | Flags |
---|---|---|---|---|---|---|
r-devel-linux-x86_64-debian-clang | 0.5 | 14.37 | 135.53 | 149.90 | OK | |
r-devel-linux-x86_64-debian-gcc | 0.5 | 10.22 | 102.43 | 112.65 | OK | |
r-devel-linux-x86_64-fedora-clang | 0.5 | 188.71 | NOTE | |||
r-devel-linux-x86_64-fedora-gcc | 0.5 | 195.79 | OK | |||
r-devel-windows-x86_64 | 0.5 | 12.00 | 124.00 | 136.00 | OK | |
r-patched-linux-x86_64 | 0.5 | 13.33 | 128.53 | 141.86 | OK | |
r-release-linux-x86_64 | 0.5 | 11.20 | 129.56 | 140.76 | OK | |
r-release-macos-arm64 | 0.5 | 68.00 | OK | |||
r-release-macos-x86_64 | 0.5 | 102.00 | NOTE | |||
r-release-windows-x86_64 | 0.5 | 17.00 | 146.00 | 163.00 | OK | |
r-oldrel-macos-arm64 | 0.5 | 60.00 | OK | |||
r-oldrel-macos-x86_64 | 0.5 | 93.00 | OK | |||
r-oldrel-windows-x86_64 | 0.5 | 17.00 | 150.00 | 167.00 | OK |
Version: 0.5
Check: Rd cross-references
Result: NOTE
Undeclared package ‘eRm’ in Rd xrefs
Flavor: r-devel-linux-x86_64-fedora-clang
Version: 0.5
Check: Rd cross-references
Result: NOTE
Package unavailable to check Rd xrefs: ‘eRm’
Flavor: r-release-macos-x86_64