CRAN Package Check Results for Package elevatr

Last updated on 2024-07-14 00:55:22 CEST.

Flavor Version Tinstall Tcheck Ttotal Status Flags
r-devel-linux-x86_64-debian-clang 0.99.0 3.78 76.98 80.76 OK
r-devel-linux-x86_64-debian-gcc 0.99.0 3.18 55.23 58.41 OK
r-devel-linux-x86_64-fedora-clang 0.99.0 100.25 OK
r-devel-linux-x86_64-fedora-gcc 0.99.0 106.62 OK
r-devel-windows-x86_64 0.99.0 5.00 75.00 80.00 NOTE
r-patched-linux-x86_64 0.99.0 7.20 72.49 79.69 OK
r-release-linux-x86_64 0.99.0 4.16 71.25 75.41 OK
r-release-macos-arm64 0.99.0 35.00 OK
r-release-macos-x86_64 0.99.0 54.00 OK
r-release-windows-x86_64 0.99.0 5.00 75.00 80.00 OK
r-oldrel-macos-arm64 0.99.0 54.00 OK
r-oldrel-macos-x86_64 0.99.0 82.00 OK
r-oldrel-windows-x86_64 0.99.0 6.00 85.00 91.00 OK

Check Details

Version: 0.99.0
Check: Rd cross-references
Result: NOTE Found the following Rd file(s) with Rd \link{} targets missing package anchors: get_aws_terrain.Rd: st_crs get_elev_point.Rd: st_crs get_elev_raster.Rd: st_crs get_opentopo.Rd: st_crs Please provide package anchors for all Rd \link{} targets not in the package itself and the base packages. Flavor: r-devel-windows-x86_64