Last updated on 2024-03-28 15:49:46 CET.
Flavor | Version | Tinstall | Tcheck | Ttotal | Status | Flags |
---|---|---|---|---|---|---|
r-devel-linux-x86_64-debian-clang | 1.1.0 | 2.85 | 30.85 | 33.70 | NOTE | |
r-devel-linux-x86_64-debian-gcc | 1.1.0 | 2.29 | 24.24 | 26.53 | NOTE | |
r-devel-linux-x86_64-fedora-clang | 1.1.0 | 42.89 | NOTE | |||
r-devel-linux-x86_64-fedora-gcc | 1.1.0 | 41.13 | NOTE | |||
r-devel-windows-x86_64 | 1.1.0 | 4.00 | 44.00 | 48.00 | NOTE | |
r-patched-linux-x86_64 | 1.1.0 | 2.49 | 30.26 | 32.75 | NOTE | |
r-release-linux-x86_64 | 1.1.0 | 3.03 | 30.61 | 33.64 | NOTE | |
r-release-macos-arm64 | 1.1.0 | 18.00 | NOTE | |||
r-release-macos-x86_64 | 1.1.0 | 24.00 | NOTE | |||
r-release-windows-x86_64 | 1.1.0 | 4.00 | 45.00 | 49.00 | NOTE | |
r-oldrel-macos-arm64 | 1.1.0 | 19.00 | NOTE | |||
r-oldrel-windows-x86_64 | 1.1.0 | 4.00 | 52.00 | 56.00 | NOTE |
Version: 1.1.0
Check: LazyData
Result: NOTE
'LazyData' is specified without a 'data' directory
Flavors: r-devel-linux-x86_64-debian-clang, r-devel-linux-x86_64-debian-gcc, r-devel-linux-x86_64-fedora-clang, r-devel-linux-x86_64-fedora-gcc, r-devel-windows-x86_64, r-patched-linux-x86_64, r-release-linux-x86_64, r-release-macos-arm64, r-release-macos-x86_64, r-release-windows-x86_64, r-oldrel-macos-arm64, r-oldrel-windows-x86_64