Last updated on 2024-03-28 23:55:05 CET.
Flavor | Version | Tinstall | Tcheck | Ttotal | Status | Flags |
---|---|---|---|---|---|---|
r-devel-linux-x86_64-debian-clang | 1.0.4 | 37.47 | 37.26 | 74.73 | NOTE | |
r-devel-linux-x86_64-debian-gcc | 1.0.4 | 30.82 | 29.83 | 60.65 | NOTE | |
r-devel-linux-x86_64-fedora-clang | 1.0.4 | 106.22 | NOTE | |||
r-devel-linux-x86_64-fedora-gcc | 1.0.4 | 118.42 | NOTE | |||
r-devel-windows-x86_64 | 1.0.4 | 33.00 | 74.00 | 107.00 | NOTE | |
r-patched-linux-x86_64 | 1.0.4 | 37.63 | 38.13 | 75.76 | NOTE | |
r-release-linux-x86_64 | 1.0.4 | 34.63 | 36.15 | 70.78 | NOTE | |
r-release-macos-arm64 | 1.0.4 | 37.00 | NOTE | |||
r-release-macos-x86_64 | 1.0.4 | 59.00 | NOTE | |||
r-release-windows-x86_64 | 1.0.4 | 38.00 | 79.00 | 117.00 | NOTE | |
r-oldrel-macos-arm64 | 1.0.4 | 36.00 | OK | |||
r-oldrel-windows-x86_64 | 1.0.4 | 38.00 | 78.00 | 116.00 | OK |
Version: 1.0.4
Check: C++ specification
Result: NOTE
Specified C++11: please drop specification unless essential
Flavors: r-devel-linux-x86_64-debian-clang, r-devel-linux-x86_64-debian-gcc, r-devel-linux-x86_64-fedora-clang, r-devel-linux-x86_64-fedora-gcc, r-devel-windows-x86_64, r-patched-linux-x86_64, r-release-linux-x86_64, r-release-macos-arm64, r-release-macos-x86_64, r-release-windows-x86_64