CRAN Package Check Results for Package emba

Last updated on 2021-10-21 08:50:49 CEST.

Flavor Version Tinstall Tcheck Ttotal Status Flags
r-devel-linux-x86_64-debian-clang 0.1.8 8.60 87.98 96.58 NOTE
r-devel-linux-x86_64-debian-gcc 0.1.8 6.20 66.10 72.30 NOTE
r-devel-linux-x86_64-fedora-clang 0.1.8 132.36 NOTE
r-devel-linux-x86_64-fedora-gcc 0.1.8 116.39 NOTE
r-devel-windows-x86_64 0.1.8 14.00 120.00 134.00 NOTE
r-devel-windows-x86_64-gcc10-UCRT 0.1.8 ERROR
r-patched-linux-x86_64 0.1.8 9.91 83.91 93.82 NOTE
r-patched-solaris-x86 0.1.8 151.50 NOTE
r-release-linux-x86_64 0.1.8 5.65 81.87 87.52 NOTE
r-release-macos-arm64 0.1.8 NOTE
r-release-macos-x86_64 0.1.8 NOTE
r-release-windows-ix86+x86_64 0.1.8 22.00 115.00 137.00 NOTE
r-oldrel-macos-x86_64 0.1.8 OK
r-oldrel-windows-ix86+x86_64 0.1.8 19.00 120.00 139.00 OK

Check Details

Version: 0.1.8
Check: LazyData
Result: NOTE
     'LazyData' is specified without a 'data' directory
Flavors: r-devel-linux-x86_64-debian-clang, r-devel-linux-x86_64-debian-gcc, r-devel-linux-x86_64-fedora-clang, r-devel-linux-x86_64-fedora-gcc, r-devel-windows-x86_64, r-patched-linux-x86_64, r-patched-solaris-x86, r-release-linux-x86_64, r-release-macos-arm64, r-release-macos-x86_64, r-release-windows-ix86+x86_64

Version: 0.1.8
Check: package dependencies
Result: ERROR
    Package required but not available: 'igraph'
    
    See section 'The DESCRIPTION file' in the 'Writing R Extensions'
    manual.
Flavor: r-devel-windows-x86_64-gcc10-UCRT