Last updated on 2024-03-29 15:54:36 CET.
Flavor | Version | Tinstall | Tcheck | Ttotal | Status | Flags |
---|---|---|---|---|---|---|
r-devel-linux-x86_64-debian-clang | 9.1 | 27.71 | 151.90 | 179.61 | OK | |
r-devel-linux-x86_64-debian-gcc | 9.1 | 18.23 | 112.36 | 130.59 | OK | |
r-devel-linux-x86_64-fedora-clang | 9.1 | 216.54 | NOTE | |||
r-devel-linux-x86_64-fedora-gcc | 9.1 | 209.85 | NOTE | |||
r-devel-windows-x86_64 | 9.1 | 23.00 | 148.00 | 171.00 | OK | |
r-patched-linux-x86_64 | 9.1 | 16.42 | 143.83 | 160.25 | OK | |
r-release-linux-x86_64 | 9.1 | 15.74 | 148.86 | 164.60 | OK | |
r-release-macos-arm64 | 9.1 | 102.00 | OK | |||
r-release-macos-x86_64 | 9.1 | 172.00 | OK | |||
r-release-windows-x86_64 | 9.1 | 30.00 | 176.00 | 206.00 | OK | |
r-oldrel-macos-arm64 | 9.1 | 115.00 | OK | |||
r-oldrel-windows-x86_64 | 9.1 | 30.00 | 162.00 | 192.00 | OK |
Version: 9.1
Check: data for non-ASCII characters
Result: NOTE
Note: found 155 marked UTF-8 strings
Flavors: r-devel-linux-x86_64-fedora-clang, r-devel-linux-x86_64-fedora-gcc