Last updated on 2024-04-18 16:49:53 CEST.
Flavor | Version | Tinstall | Tcheck | Ttotal | Status | Flags |
---|---|---|---|---|---|---|
r-devel-linux-x86_64-debian-clang | 0.5.1 | 6.30 | 87.41 | 93.71 | NOTE | |
r-devel-linux-x86_64-debian-gcc | 0.5.1 | 4.45 | 63.00 | 67.45 | NOTE | |
r-devel-linux-x86_64-fedora-clang | 0.5.1 | 112.03 | NOTE | |||
r-devel-linux-x86_64-fedora-gcc | 0.5.1 | 119.16 | NOTE | |||
r-prerel-macos-arm64 | 0.5.1 | 43.00 | NOTE | |||
r-prerel-windows-x86_64 | 0.5.1 | 5.00 | 86.00 | 91.00 | NOTE | |
r-patched-linux-x86_64 | 0.5.1 | 5.96 | 81.88 | 87.84 | NOTE | |
r-release-linux-x86_64 | 0.5.1 | 6.35 | 80.81 | 87.16 | NOTE | |
r-release-macos-arm64 | 0.5.1 | 44.00 | NOTE | |||
r-release-macos-x86_64 | 0.5.1 | 68.00 | NOTE | |||
r-release-windows-x86_64 | 0.5.1 | 8.00 | 94.00 | 102.00 | NOTE | |
r-oldrel-macos-arm64 | 0.5.1 | 37.00 | NOTE | |||
r-oldrel-windows-x86_64 | 0.5.1 | 8.00 | 104.00 | 112.00 | NOTE |
Version: 0.5.1
Check: LazyData
Result: NOTE
'LazyData' is specified without a 'data' directory
Flavors: r-devel-linux-x86_64-debian-clang, r-devel-linux-x86_64-debian-gcc, r-devel-linux-x86_64-fedora-clang, r-devel-linux-x86_64-fedora-gcc, r-prerel-macos-arm64, r-prerel-windows-x86_64, r-patched-linux-x86_64, r-release-linux-x86_64, r-release-macos-arm64, r-release-macos-x86_64, r-release-windows-x86_64, r-oldrel-macos-arm64, r-oldrel-windows-x86_64