Last updated on 2024-04-20 00:56:05 CEST.
Flavor | Version | Tinstall | Tcheck | Ttotal | Status | Flags |
---|---|---|---|---|---|---|
r-devel-linux-x86_64-debian-clang | 1.3-1 | 14.96 | 124.12 | 139.08 | NOTE | |
r-devel-linux-x86_64-debian-gcc | 1.3-1 | NOTE | ||||
r-devel-linux-x86_64-fedora-clang | 1.3-1 | 166.62 | NOTE | |||
r-devel-linux-x86_64-fedora-gcc | 1.3-1 | 157.26 | NOTE | |||
r-prerel-macos-arm64 | 1.3-1 | 44.00 | NOTE | |||
r-prerel-windows-x86_64 | 1.3-1 | 14.00 | 109.00 | 123.00 | NOTE | |
r-patched-linux-x86_64 | 1.3-1 | 15.51 | 118.77 | 134.28 | NOTE | |
r-release-linux-x86_64 | 1.3-1 | 15.18 | 121.94 | 137.12 | OK | |
r-release-macos-arm64 | 1.3-1 | 57.00 | OK | |||
r-release-macos-x86_64 | 1.3-1 | 107.00 | OK | |||
r-release-windows-x86_64 | 1.3-1 | 18.00 | 135.00 | 153.00 | OK | |
r-oldrel-macos-arm64 | 1.3-1 | 50.00 | OK | |||
r-oldrel-windows-x86_64 | 1.3-1 | 18.00 | 136.00 | 154.00 | OK |
Version: 1.3-1
Check: Rd files
Result: NOTE
checkRd: (-1) WRegTest.Rd:43: Lost braces
43 | For ordinary least squares estimator, \code{psifun} should be the identity function psifun <- function(t){t}.
| ^
Flavors: r-devel-linux-x86_64-debian-clang, r-devel-linux-x86_64-debian-gcc, r-devel-linux-x86_64-fedora-clang, r-devel-linux-x86_64-fedora-gcc, r-prerel-macos-arm64, r-prerel-windows-x86_64, r-patched-linux-x86_64