CRAN Package Check Results for Package emstreeR

Last updated on 2023-10-03 01:04:50 CEST.

Flavor Version Tinstall Tcheck Ttotal Status Flags
r-devel-linux-x86_64-debian-clang 3.0.0 3.64 33.22 36.86 OK
r-devel-linux-x86_64-debian-gcc 3.0.0 3.44 25.98 29.42 OK
r-devel-linux-x86_64-fedora-clang 3.0.0 49.08 NOTE
r-devel-linux-x86_64-fedora-gcc 3.0.0 44.69 NOTE
r-devel-windows-x86_64 3.0.0 5.00 49.00 54.00 OK
r-patched-linux-x86_64 3.0.0 3.75 31.84 35.59 OK
r-release-linux-x86_64 3.0.0 4.61 32.67 37.28 OK
r-release-macos-arm64 3.0.0 21.00 OK
r-release-macos-x86_64 3.0.0 27.00 OK
r-release-windows-x86_64 3.0.0 7.00 48.00 55.00 OK
r-oldrel-macos-arm64 3.0.0 19.00 NOTE
r-oldrel-macos-x86_64 3.0.0 34.00 NOTE
r-oldrel-windows-x86_64 3.0.0 7.00 51.00 58.00 OK

Check Details

Version: 3.0.0
Check: dependencies in R code
Result: NOTE
    Namespace in Imports field not imported from: ‘BBmisc’
     All declared Imports should be used.
Flavors: r-devel-linux-x86_64-fedora-clang, r-devel-linux-x86_64-fedora-gcc, r-oldrel-macos-arm64, r-oldrel-macos-x86_64