Last updated on 2023-05-28 22:00:09 CEST.
Flavor | Version | Tinstall | Tcheck | Ttotal | Status | Flags |
---|---|---|---|---|---|---|
r-devel-linux-x86_64-debian-clang | 0.2.1 | 5.42 | 47.70 | 53.12 | NOTE | |
r-devel-linux-x86_64-debian-gcc | 0.2.1 | 4.61 | 35.68 | 40.29 | NOTE | |
r-devel-linux-x86_64-fedora-clang | 0.2.1 | 64.34 | NOTE | |||
r-devel-linux-x86_64-fedora-gcc | 0.2.1 | 60.71 | NOTE | |||
r-devel-windows-x86_64 | 0.2.1 | 6.00 | 52.00 | 58.00 | NOTE | |
r-patched-linux-x86_64 | 0.2.1 | 4.51 | 44.93 | 49.44 | NOTE | |
r-release-linux-x86_64 | 0.2.1 | 4.57 | 44.73 | 49.30 | NOTE | |
r-release-macos-arm64 | 0.2.1 | 27.00 | NOTE | |||
r-release-macos-x86_64 | 0.2.1 | 33.00 | NOTE | |||
r-release-windows-x86_64 | 0.2.1 | 9.00 | 59.00 | 68.00 | NOTE | |
r-oldrel-macos-arm64 | 0.2.1 | 25.00 | NOTE | |||
r-oldrel-macos-x86_64 | 0.2.1 | 53.00 | NOTE | |||
r-oldrel-windows-x86_64 | 0.2.1 | 8.00 | 61.00 | 69.00 | NOTE |
Version: 0.2.1
Check: LazyData
Result: NOTE
'LazyData' is specified without a 'data' directory
Flavors: r-devel-linux-x86_64-debian-clang, r-devel-linux-x86_64-debian-gcc, r-devel-linux-x86_64-fedora-clang, r-devel-linux-x86_64-fedora-gcc, r-devel-windows-x86_64, r-patched-linux-x86_64, r-release-linux-x86_64, r-release-macos-arm64, r-release-macos-x86_64, r-release-windows-x86_64, r-oldrel-macos-arm64, r-oldrel-macos-x86_64, r-oldrel-windows-x86_64