Last updated on 2023-05-28 22:00:09 CEST.
Flavor | Version | Tinstall | Tcheck | Ttotal | Status | Flags |
---|---|---|---|---|---|---|
r-devel-linux-x86_64-debian-clang | 0.7.1 | 7.15 | 86.18 | 93.33 | OK | |
r-devel-linux-x86_64-debian-gcc | 0.7.1 | 6.15 | 64.89 | 71.04 | OK | |
r-devel-linux-x86_64-fedora-clang | 0.7.1 | 123.36 | OK | |||
r-devel-linux-x86_64-fedora-gcc | 0.7.1 | 128.50 | OK | |||
r-devel-windows-x86_64 | 0.7.1 | 9.00 | 112.00 | 121.00 | OK | |
r-patched-linux-x86_64 | 0.7.1 | 6.80 | 83.00 | 89.80 | OK | |
r-release-linux-x86_64 | 0.7.1 | 4.96 | 81.74 | 86.70 | OK | |
r-release-macos-arm64 | 0.7.1 | 38.00 | NOTE | |||
r-release-macos-x86_64 | 0.7.1 | 38.00 | NOTE | |||
r-release-windows-x86_64 | 0.7.1 | 10.00 | 134.00 | 144.00 | OK | |
r-oldrel-macos-arm64 | 0.7.1 | 37.00 | OK | |||
r-oldrel-macos-x86_64 | 0.7.1 | 54.00 | OK | |||
r-oldrel-windows-x86_64 | 0.7.1 | 11.00 | 120.00 | 131.00 | OK |
Version: 0.7.1
Check: package dependencies
Result: NOTE
Packages suggested but not available for checking: 'xcms', 'MSnbase'
Flavors: r-release-macos-arm64, r-release-macos-x86_64