CRAN Package Check Results for Package epitab

Last updated on 2022-06-25 00:50:45 CEST.

Flavor Version Tinstall Tcheck Ttotal Status Flags
r-devel-linux-x86_64-debian-clang 0.2.2 2.25 37.65 39.90 NOTE
r-devel-linux-x86_64-debian-gcc 0.2.2 2.32 28.62 30.94 NOTE
r-devel-linux-x86_64-fedora-clang 0.2.2 62.41 NOTE
r-devel-linux-x86_64-fedora-gcc 0.2.2 57.75 NOTE
r-devel-windows-x86_64 0.2.2 16.00 65.00 81.00 NOTE
r-patched-linux-x86_64 0.2.2 2.00 35.47 37.47 NOTE
r-release-linux-x86_64 0.2.2 2.17 36.08 38.25 NOTE
r-release-macos-arm64 0.2.2 21.00 NOTE
r-release-macos-x86_64 0.2.2 36.00 NOTE
r-release-windows-x86_64 0.2.2 15.00 64.00 79.00 NOTE
r-oldrel-macos-arm64 0.2.2 25.00 NOTE
r-oldrel-macos-x86_64 0.2.2 31.00 NOTE
r-oldrel-windows-ix86+x86_64 0.2.2 8.00 48.00 56.00 NOTE

Check Details

Version: 0.2.2
Check: LazyData
Result: NOTE
     'LazyData' is specified without a 'data' directory
Flavors: r-devel-linux-x86_64-debian-clang, r-devel-linux-x86_64-debian-gcc, r-devel-linux-x86_64-fedora-clang, r-devel-linux-x86_64-fedora-gcc, r-devel-windows-x86_64, r-patched-linux-x86_64, r-release-linux-x86_64, r-release-macos-arm64, r-release-macos-x86_64, r-release-windows-x86_64, r-oldrel-macos-arm64, r-oldrel-macos-x86_64, r-oldrel-windows-ix86+x86_64