Last updated on 2024-03-27 23:59:43 CET.
Flavor | Version | Tinstall | Tcheck | Ttotal | Status | Flags |
---|---|---|---|---|---|---|
r-devel-linux-x86_64-debian-clang | 1.1 | 7.71 | 77.94 | 85.65 | OK | |
r-devel-linux-x86_64-debian-gcc | 1.1 | 6.22 | 60.86 | 67.08 | OK | |
r-devel-linux-x86_64-fedora-clang | 1.1 | 115.05 | NOTE | |||
r-devel-linux-x86_64-fedora-gcc | 1.1 | 101.83 | NOTE | |||
r-devel-windows-x86_64 | 1.1 | 8.00 | 90.00 | 98.00 | OK | |
r-patched-linux-x86_64 | 1.1 | 5.93 | 75.86 | 81.79 | OK | |
r-release-linux-x86_64 | 1.1 | 6.91 | 76.43 | 83.34 | OK | |
r-release-macos-arm64 | 1.1 | 42.00 | OK | |||
r-release-macos-x86_64 | 1.1 | 91.00 | OK | |||
r-release-windows-x86_64 | 1.1 | 8.00 | 105.00 | 113.00 | OK | |
r-oldrel-macos-arm64 | 1.1 | 42.00 | OK | |||
r-oldrel-windows-x86_64 | 1.1 | 11.00 | 109.00 | 120.00 | OK |
Version: 1.1
Check: dependencies in R code
Result: NOTE
Namespace in Imports field not imported from: ‘testthat’
All declared Imports should be used.
Flavors: r-devel-linux-x86_64-fedora-clang, r-devel-linux-x86_64-fedora-gcc
Version: 1.1
Check: data for non-ASCII characters
Result: NOTE
Note: found 15 marked UTF-8 strings
Flavors: r-devel-linux-x86_64-fedora-clang, r-devel-linux-x86_64-fedora-gcc