CRAN Package Check Results for Package epxToR

Last updated on 2023-06-04 08:57:09 CEST.

Flavor Version Tinstall Tcheck Ttotal Status Flags
r-devel-linux-x86_64-debian-clang 0.4-1 3.33 30.91 34.24 NOTE
r-devel-linux-x86_64-debian-gcc 0.4-1 2.81 24.06 26.87 NOTE
r-devel-linux-x86_64-fedora-clang 0.4-1 43.44 NOTE
r-devel-linux-x86_64-fedora-gcc 0.4-1 40.90 NOTE
r-devel-windows-x86_64 0.4-1 4.00 45.00 49.00 NOTE
r-patched-linux-x86_64 0.4-1 3.62 30.09 33.71 NOTE
r-release-linux-x86_64 0.4-1 3.10 30.18 33.28 NOTE
r-release-macos-arm64 0.4-1 19.00 NOTE
r-release-macos-x86_64 0.4-1 25.00 NOTE
r-release-windows-x86_64 0.4-1 5.00 46.00 51.00 NOTE
r-oldrel-macos-arm64 0.4-1 19.00 NOTE
r-oldrel-macos-x86_64 0.4-1 25.00 NOTE
r-oldrel-windows-x86_64 0.4-1 5.00 51.00 56.00 NOTE

Check Details

Version: 0.4-1
Check: LazyData
Result: NOTE
     'LazyData' is specified without a 'data' directory
Flavors: r-devel-linux-x86_64-debian-clang, r-devel-linux-x86_64-debian-gcc, r-devel-linux-x86_64-fedora-clang, r-devel-linux-x86_64-fedora-gcc, r-devel-windows-x86_64, r-patched-linux-x86_64, r-release-linux-x86_64, r-release-macos-arm64, r-release-macos-x86_64, r-release-windows-x86_64, r-oldrel-macos-arm64, r-oldrel-macos-x86_64, r-oldrel-windows-x86_64