CRAN Package Check Results for Package equatiomatic

Last updated on 2021-09-23 12:57:46 CEST.

Flavor Version Tinstall Tcheck Ttotal Status Flags
r-devel-linux-x86_64-debian-clang 0.2.0 4.08 107.77 111.85 OK
r-devel-linux-x86_64-debian-gcc 0.2.0 3.44 83.02 86.46 OK
r-devel-linux-x86_64-fedora-clang 0.2.0 141.28 OK
r-devel-linux-x86_64-fedora-gcc 0.2.0 134.68 OK
r-devel-windows-x86_64 0.2.0 5.00 103.00 108.00 OK
r-devel-windows-x86_64-gcc10-UCRT 0.2.0 ERROR
r-patched-linux-x86_64 0.2.0 5.27 112.06 117.33 OK
r-patched-solaris-x86 0.2.0 246.60 OK
r-release-linux-x86_64 0.2.0 4.67 112.95 117.62 OK
r-release-macos-arm64 0.2.0 OK
r-release-macos-x86_64 0.2.0 OK
r-release-windows-ix86+x86_64 0.2.0 8.00 110.00 118.00 OK
r-oldrel-macos-x86_64 0.2.0 OK
r-oldrel-windows-ix86+x86_64 0.2.0 8.00 105.00 113.00 OK

Check Details

Version: 0.2.0
Check: package dependencies
Result: NOTE
    Package suggested but not available for checking: 'texPreview'
Flavor: r-devel-windows-x86_64-gcc10-UCRT

Version: 0.2.0
Check: PDF version of manual
Result: WARN
    LaTeX errors when creating PDF version.
    This typically indicates Rd problems.
Flavor: r-devel-windows-x86_64-gcc10-UCRT

Version: 0.2.0
Check: PDF version of manual without hyperrefs or index
Result: ERROR
    Re-running with no redirection of stdout/stderr.
Flavor: r-devel-windows-x86_64-gcc10-UCRT