Last updated on 2023-06-10 16:53:35 CEST.
Flavor | Version | Tinstall | Tcheck | Ttotal | Status | Flags |
---|---|---|---|---|---|---|
r-devel-linux-x86_64-debian-clang | 1.1.2 | 18.47 | 128.35 | 146.82 | OK | |
r-devel-linux-x86_64-debian-gcc | 1.1.2 | 14.62 | 98.82 | 113.44 | OK | |
r-devel-linux-x86_64-fedora-clang | 1.1.2 | 180.09 | OK | |||
r-devel-linux-x86_64-fedora-gcc | 1.1.2 | 188.62 | OK | |||
r-devel-windows-x86_64 | 1.1.2 | 18.00 | 117.00 | 135.00 | OK | |
r-patched-linux-x86_64 | 1.1.2 | 17.09 | 120.92 | 138.01 | OK | |
r-release-linux-x86_64 | 1.1.2 | 17.08 | 124.11 | 141.19 | OK | |
r-release-macos-arm64 | 1.1.2 | 59.00 | NOTE | |||
r-release-macos-x86_64 | 1.1.2 | 98.00 | NOTE | |||
r-release-windows-x86_64 | 1.1.2 | 23.00 | 137.00 | 160.00 | OK | |
r-oldrel-macos-arm64 | 1.1.2 | 65.00 | NOTE | |||
r-oldrel-macos-x86_64 | 1.1.2 | 68.00 | OK | |||
r-oldrel-windows-x86_64 | 1.1.2 | 24.00 | 174.00 | 198.00 | OK |
Version: 1.1.2
Check: package dependencies
Result: NOTE
Package suggested but not available for checking: ‘mzR’
Flavors: r-release-macos-arm64, r-release-macos-x86_64, r-oldrel-macos-arm64