Last updated on 2024-04-25 07:59:51 CEST.
Flavor | Version | Tinstall | Tcheck | Ttotal | Status | Flags |
---|---|---|---|---|---|---|
r-devel-linux-x86_64-debian-clang | 1.2 | 12.87 | 115.61 | 128.48 | NOTE | |
r-devel-linux-x86_64-debian-gcc | 1.2 | 12.66 | 84.05 | 96.71 | NOTE | |
r-devel-linux-x86_64-fedora-clang | 1.2 | 164.74 | NOTE | |||
r-devel-linux-x86_64-fedora-gcc | 1.2 | 161.64 | NOTE | |||
r-devel-windows-x86_64 | 1.2 | 13.00 | 89.00 | 102.00 | OK | |
r-patched-linux-x86_64 | 1.2 | 14.17 | 108.95 | 123.12 | NOTE | |
r-release-linux-x86_64 | 1.2 | 15.09 | 112.53 | 127.62 | NOTE | |
r-release-macos-arm64 | 1.2 | 39.00 | OK | |||
r-release-macos-x86_64 | 1.2 | 118.00 | OK | |||
r-release-windows-x86_64 | 1.2 | 15.00 | 88.00 | 103.00 | OK | |
r-oldrel-macos-arm64 | 1.2 | 48.00 | OK | |||
r-oldrel-macos-x86_64 | 1.2 | 100.00 | OK | |||
r-oldrel-windows-x86_64 | 1.2 | 18.00 | 108.00 | 126.00 | OK |
Version: 1.2
Check: Rd cross-references
Result: NOTE
Unknown package ‘margins’ in Rd xrefs
Flavors: r-devel-linux-x86_64-debian-clang, r-devel-linux-x86_64-debian-gcc, r-devel-linux-x86_64-fedora-gcc, r-patched-linux-x86_64, r-release-linux-x86_64
Version: 1.2
Check: Rd cross-references
Result: NOTE
Undeclared package ‘margins’ in Rd xrefs
Unknown package ‘margins’ in Rd xrefs
Flavor: r-devel-linux-x86_64-fedora-clang