CRAN Package Check Results for Package ergm.multi

Last updated on 2024-02-25 16:51:40 CET.

Flavor Version Tinstall Tcheck Ttotal Status Flags
r-devel-linux-x86_64-debian-clang 0.2.1 32.05 521.68 553.73 OK
r-devel-linux-x86_64-debian-gcc 0.2.1 26.50 380.03 406.53 OK
r-devel-linux-x86_64-fedora-clang 0.2.1 663.55 OK
r-devel-linux-x86_64-fedora-gcc 0.2.1 685.29 OK
r-devel-windows-x86_64 0.2.0 29.00 356.00 385.00 NOTE
r-patched-linux-x86_64 0.2.1 44.22 500.79 545.01 OK
r-release-linux-x86_64 0.2.0 35.37 498.76 534.13 OK
r-release-macos-arm64 0.2.1 195.00 OK
r-release-macos-x86_64 0.2.1 496.00 OK
r-release-windows-x86_64 0.2.1 36.00 391.00 427.00 OK
r-oldrel-macos-arm64 0.2.1 197.00 OK
r-oldrel-windows-x86_64 0.2.1 36.00 458.00 494.00 OK

Check Details

Version: 0.2.0
Check: Rd \usage sections
Result: NOTE Documented arguments not in \usage in Rd file 'subnetwork_templates.Rd': 'nams.vattr' Functions with \usage entries need to have the appropriate \alias entries, and all their arguments documented. The \usage entries must correspond to syntactically valid R code. See chapter 'Writing R documentation files' in the 'Writing R Extensions' manual. Flavor: r-devel-windows-x86_64