Last updated on 2023-06-09 10:04:11 CEST.
Flavor | Version | Tinstall | Tcheck | Ttotal | Status | Flags |
---|---|---|---|---|---|---|
r-devel-linux-x86_64-debian-clang | 0.1.5 | 24.77 | 638.40 | 663.17 | OK | |
r-devel-linux-x86_64-debian-gcc | 0.1.5 | 20.30 | 478.57 | 498.87 | OK | |
r-devel-linux-x86_64-fedora-clang | 0.1.5 | 784.15 | NOTE | |||
r-devel-linux-x86_64-fedora-gcc | 0.1.5 | 779.97 | OK | |||
r-devel-windows-x86_64 | 0.1.5 | 23.00 | 494.00 | 517.00 | NOTE | |
r-patched-linux-x86_64 | 0.1.5 | 31.37 | 627.66 | 659.03 | OK | |
r-release-linux-x86_64 | 0.1.5 | 17.27 | 631.57 | 648.84 | OK | |
r-release-macos-arm64 | 0.1.5 | 204.00 | NOTE | |||
r-release-macos-x86_64 | 0.1.4 | 413.00 | NOTE | |||
r-release-windows-x86_64 | 0.1.5 | 30.00 | 627.00 | 657.00 | NOTE | |
r-oldrel-macos-arm64 | 0.1.5 | 202.00 | NOTE | |||
r-oldrel-macos-x86_64 | 0.1.5 | 256.00 | NOTE | |||
r-oldrel-windows-x86_64 | 0.1.5 | 30.00 | 624.00 | 654.00 | NOTE |
Version: 0.1.5
Check: installed package size
Result: NOTE
installed size is 13.7Mb
sub-directories of 1Mb or more:
doc 13.1Mb
Flavors: r-devel-linux-x86_64-fedora-clang, r-devel-windows-x86_64, r-release-macos-arm64, r-release-windows-x86_64, r-oldrel-macos-arm64, r-oldrel-macos-x86_64, r-oldrel-windows-x86_64
Version: 0.1.4
Check: installed package size
Result: NOTE
installed size is 13.7Mb
sub-directories of 1Mb or more:
doc 13.1Mb
Flavor: r-release-macos-x86_64
Version: 0.1.4
Check: LazyData
Result: NOTE
'LazyData' is specified without a 'data' directory
Flavor: r-release-macos-x86_64