Last updated on 2023-05-28 22:00:10 CEST.
Flavor | Version | Tinstall | Tcheck | Ttotal | Status | Flags |
---|---|---|---|---|---|---|
r-devel-linux-x86_64-debian-clang | 0.2.3 | 16.54 | 105.28 | 121.82 | OK | |
r-devel-linux-x86_64-debian-gcc | 0.2.3 | 13.88 | 77.59 | 91.47 | OK | |
r-devel-linux-x86_64-fedora-clang | 0.2.3 | 154.76 | NOTE | |||
r-devel-linux-x86_64-fedora-gcc | 0.2.3 | 138.90 | NOTE | |||
r-devel-windows-x86_64 | 0.2.3 | 13.00 | 103.00 | 116.00 | OK | |
r-patched-linux-x86_64 | 0.2.3 | 13.73 | 97.72 | 111.45 | OK | |
r-release-linux-x86_64 | 0.2.3 | 10.27 | 99.09 | 109.36 | OK | |
r-release-macos-arm64 | 0.2.3 | 47.00 | OK | |||
r-release-macos-x86_64 | 0.2.2 | 70.00 | OK | |||
r-release-windows-x86_64 | 0.2.3 | 19.00 | 121.00 | 140.00 | OK | |
r-oldrel-macos-arm64 | 0.2.3 | 43.00 | OK | |||
r-oldrel-macos-x86_64 | 0.2.3 | 58.00 | OK | |||
r-oldrel-windows-x86_64 | 0.2.3 | 20.00 | 113.00 | 133.00 | OK |
Version: 0.2.3
Check: data for non-ASCII characters
Result: NOTE
Note: found 3 marked UTF-8 strings
Flavors: r-devel-linux-x86_64-fedora-clang, r-devel-linux-x86_64-fedora-gcc