CRAN Package Check Results for Package estatapi

Last updated on 2021-10-23 05:02:33 CEST.

Flavor Version Tinstall Tcheck Ttotal Status Flags
r-devel-linux-x86_64-debian-clang 0.4.0 1.79 25.37 27.16 NOTE
r-devel-linux-x86_64-debian-gcc 0.4.0 1.97 19.86 21.83 NOTE
r-devel-linux-x86_64-fedora-clang 0.4.0 45.77 NOTE
r-devel-linux-x86_64-fedora-gcc 0.4.0 33.36 NOTE
r-devel-windows-x86_64 0.4.0 5.00 43.00 48.00 NOTE
r-devel-windows-x86_64-gcc10-UCRT 0.4.0 NOTE
r-patched-linux-x86_64 0.4.0 2.40 24.30 26.70 NOTE
r-patched-solaris-x86 0.4.0 51.90 NOTE
r-release-linux-x86_64 0.4.0 1.81 24.31 26.12 NOTE
r-release-macos-arm64 0.4.0 NOTE
r-release-macos-x86_64 0.4.0 NOTE
r-release-windows-ix86+x86_64 0.4.0 5.00 42.00 47.00 NOTE
r-oldrel-macos-x86_64 0.4.0 OK
r-oldrel-windows-ix86+x86_64 0.4.0 6.00 42.00 48.00 OK

Check Details

Version: 0.4.0
Check: LazyData
Result: NOTE
     'LazyData' is specified without a 'data' directory
Flavors: r-devel-linux-x86_64-debian-clang, r-devel-linux-x86_64-debian-gcc, r-devel-linux-x86_64-fedora-clang, r-devel-linux-x86_64-fedora-gcc, r-devel-windows-x86_64, r-devel-windows-x86_64-gcc10-UCRT, r-patched-linux-x86_64, r-patched-solaris-x86, r-release-linux-x86_64, r-release-macos-arm64, r-release-macos-x86_64, r-release-windows-ix86+x86_64