Last updated on 2023-09-22 05:53:38 CEST.
Flavor | Version | Tinstall | Tcheck | Ttotal | Status | Flags |
---|---|---|---|---|---|---|
r-devel-linux-x86_64-debian-clang | 0.2.6 | 13.25 | 119.50 | 132.75 | OK | |
r-devel-linux-x86_64-debian-gcc | 0.2.6 | 11.76 | 88.05 | 99.81 | OK | |
r-devel-linux-x86_64-fedora-clang | 0.2.6 | 158.70 | NOTE | |||
r-devel-linux-x86_64-fedora-gcc | 0.2.6 | 168.92 | NOTE | |||
r-devel-windows-x86_64 | 0.2.6 | 14.00 | 112.00 | 126.00 | OK | |
r-patched-linux-x86_64 | 0.2.6 | 13.65 | 110.62 | 124.27 | OK | |
r-release-linux-x86_64 | 0.2.6 | 10.77 | 112.68 | 123.45 | OK | |
r-release-macos-arm64 | 0.2.6 | 56.00 | OK | |||
r-release-macos-x86_64 | 0.2.6 | 88.00 | OK | |||
r-release-windows-x86_64 | 0.2.6 | 16.00 | 128.00 | 144.00 | OK | |
r-oldrel-macos-arm64 | 0.2.6 | 43.00 | NOTE | |||
r-oldrel-macos-x86_64 | 0.2.6 | 81.00 | NOTE | |||
r-oldrel-windows-x86_64 | 0.2.6 | 17.00 | 123.00 | 140.00 | OK |
Version: 0.2.6
Check: dependencies in R code
Result: NOTE
Namespace in Imports field not imported from: ‘EnvStats’
All declared Imports should be used.
Flavors: r-devel-linux-x86_64-fedora-clang, r-devel-linux-x86_64-fedora-gcc, r-oldrel-macos-arm64, r-oldrel-macos-x86_64