Last updated on 2024-04-18 16:49:53 CEST.
Flavor | Version | Tinstall | Tcheck | Ttotal | Status | Flags |
---|---|---|---|---|---|---|
r-devel-linux-x86_64-debian-clang | 1.0.0 | 220.15 | 67.88 | 288.03 | NOTE | |
r-devel-linux-x86_64-debian-gcc | 1.0.0 | 182.09 | 49.36 | 231.45 | NOTE | |
r-devel-linux-x86_64-fedora-clang | 1.0.0 | 441.93 | NOTE | |||
r-devel-linux-x86_64-fedora-gcc | 1.0.0 | 434.08 | NOTE | |||
r-prerel-macos-arm64 | 1.0.0 | 77.00 | NOTE | |||
r-prerel-windows-x86_64 | 1.0.0 | 165.00 | 96.00 | 261.00 | NOTE | |
r-patched-linux-x86_64 | 1.0.0 | 224.23 | 62.42 | 286.65 | NOTE | |
r-release-linux-x86_64 | 1.0.0 | 226.76 | 63.14 | 289.90 | NOTE | |
r-release-macos-arm64 | 1.0.0 | 93.00 | NOTE | |||
r-release-macos-x86_64 | 1.0.0 | 162.00 | NOTE | |||
r-release-windows-x86_64 | 1.0.0 | 215.00 | 111.00 | 326.00 | NOTE | |
r-oldrel-macos-arm64 | 1.0.0 | 92.00 | NOTE | |||
r-oldrel-windows-x86_64 | 1.0.0 | 216.00 | 109.00 | 325.00 | OK |
Version: 1.0.0
Check: C++ specification
Result: NOTE
Specified C++11: please drop specification unless essential
Flavors: r-devel-linux-x86_64-debian-clang, r-devel-linux-x86_64-debian-gcc, r-devel-linux-x86_64-fedora-clang, r-devel-linux-x86_64-fedora-gcc, r-prerel-macos-arm64, r-prerel-windows-x86_64, r-patched-linux-x86_64, r-release-linux-x86_64, r-release-macos-arm64, r-release-macos-x86_64, r-release-windows-x86_64
Version: 1.0.0
Check: Rd files
Result: NOTE
checkRd: (-1) colplot.Rd:52: Lost braces
52 | \item{legend}{should a legend be added? Defaults to code{FALSE}}
| ^
checkRd: (-1) colplot.Rd:56: Lost braces
56 | \item{legend.pretty}{logical: should the legend values produced by \[base]{pretty}? Othewrwise they are exact. Defaults to \code{TRUE}}
| ^
Flavors: r-devel-linux-x86_64-debian-clang, r-devel-linux-x86_64-debian-gcc, r-devel-linux-x86_64-fedora-clang, r-devel-linux-x86_64-fedora-gcc, r-prerel-macos-arm64, r-prerel-windows-x86_64, r-patched-linux-x86_64
Version: 1.0.0
Check: installed package size
Result: NOTE
installed size is 7.1Mb
sub-directories of 1Mb or more:
libs 6.2Mb
Flavors: r-prerel-macos-arm64, r-release-macos-arm64, r-release-macos-x86_64, r-oldrel-macos-arm64