Last updated on 2024-04-19 01:04:30 CEST.
Flavor | Version | Tinstall | Tcheck | Ttotal | Status | Flags |
---|---|---|---|---|---|---|
r-devel-linux-x86_64-debian-clang | 0.8.10 | 29.07 | 263.48 | 292.55 | NOTE | |
r-devel-linux-x86_64-debian-gcc | 0.8.10 | 21.79 | 190.91 | 212.70 | NOTE | |
r-devel-linux-x86_64-fedora-clang | 0.8.10 | 390.90 | NOTE | |||
r-devel-linux-x86_64-fedora-gcc | 0.8.10 | 363.45 | NOTE | |||
r-prerel-macos-arm64 | 0.8.10 | 89.00 | NOTE | |||
r-prerel-windows-x86_64 | 0.8.10 | 25.00 | 192.00 | 217.00 | NOTE | |
r-patched-linux-x86_64 | 0.8.10 | 38.19 | 257.34 | 295.53 | NOTE | |
r-release-linux-x86_64 | 0.8.10 | 32.75 | 254.97 | 287.72 | NOTE | |
r-release-macos-arm64 | 0.8.10 | 82.00 | NOTE | |||
r-release-macos-x86_64 | 0.8.10 | 143.00 | NOTE | |||
r-release-windows-x86_64 | 0.8.10 | 24.00 | 248.00 | 272.00 | NOTE | |
r-oldrel-macos-arm64 | 0.8.10 | 80.00 | OK | |||
r-oldrel-windows-x86_64 | 0.8.10 | 25.00 | 245.00 | 270.00 | OK |
Version: 0.8.10
Check: Rd files
Result: NOTE
checkRd: (-1) Snoring.Rd:21: Escaped LaTeX specials: \&
Flavors: r-devel-linux-x86_64-debian-clang, r-devel-linux-x86_64-debian-gcc, r-devel-linux-x86_64-fedora-clang, r-devel-linux-x86_64-fedora-gcc, r-prerel-macos-arm64, r-prerel-windows-x86_64, r-patched-linux-x86_64, r-release-linux-x86_64, r-release-macos-arm64, r-release-macos-x86_64, r-release-windows-x86_64