Last updated on 2024-03-28 15:49:46 CET.
Flavor | Version | Tinstall | Tcheck | Ttotal | Status | Flags |
---|---|---|---|---|---|---|
r-devel-linux-x86_64-debian-clang | 1.2.33 | 3.51 | 34.53 | 38.04 | OK | |
r-devel-linux-x86_64-debian-gcc | 1.2.33 | 1.89 | 27.25 | 29.14 | OK | |
r-devel-linux-x86_64-fedora-clang | 1.2.33 | 48.93 | NOTE | |||
r-devel-linux-x86_64-fedora-gcc | 1.2.33 | 48.42 | NOTE | |||
r-devel-windows-x86_64 | 1.2.33 | 4.00 | 55.00 | 59.00 | OK | |
r-patched-linux-x86_64 | 1.2.33 | 3.90 | 34.36 | 38.26 | OK | |
r-release-linux-x86_64 | 1.2.33 | 3.21 | 34.85 | 38.06 | OK | |
r-release-macos-arm64 | 1.2.33 | 24.00 | OK | |||
r-release-macos-x86_64 | 1.2.33 | 32.00 | OK | |||
r-release-windows-x86_64 | 1.2.33 | 5.00 | 55.00 | 60.00 | OK | |
r-oldrel-macos-arm64 | 1.2.33 | 20.00 | OK | |||
r-oldrel-windows-x86_64 | 1.2.33 | 6.00 | 60.00 | 66.00 | OK |
Version: 1.2.33
Check: data for non-ASCII characters
Result: NOTE
Note: found 10 marked UTF-8 strings
Flavors: r-devel-linux-x86_64-fedora-clang, r-devel-linux-x86_64-fedora-gcc