Last updated on 2024-04-20 08:50:52 CEST.
Flavor | Version | Tinstall | Tcheck | Ttotal | Status | Flags |
---|---|---|---|---|---|---|
r-devel-linux-x86_64-debian-clang | 0.0.1 | 35.01 | 27.35 | 62.36 | NOTE | |
r-devel-linux-x86_64-debian-gcc | 0.0.1 | 27.36 | 21.01 | 48.37 | NOTE | |
r-devel-linux-x86_64-fedora-clang | 0.0.1 | 88.47 | NOTE | |||
r-devel-linux-x86_64-fedora-gcc | 0.0.1 | 84.13 | NOTE | |||
r-prerel-macos-arm64 | 0.0.1 | 23.00 | NOTE | |||
r-prerel-windows-x86_64 | 0.0.1 | 25.00 | 61.00 | 86.00 | NOTE | |
r-patched-linux-x86_64 | 0.0.1 | 30.40 | 27.09 | 57.49 | NOTE | |
r-release-linux-x86_64 | 0.0.1 | 31.94 | 26.90 | 58.84 | NOTE | |
r-release-macos-arm64 | 0.0.1 | 25.00 | NOTE | |||
r-release-macos-x86_64 | 0.0.1 | 38.00 | NOTE | |||
r-release-windows-x86_64 | 0.0.1 | 30.00 | 65.00 | 95.00 | NOTE | |
r-oldrel-macos-arm64 | 0.0.1 | 27.00 | NOTE | |||
r-oldrel-windows-x86_64 | 0.0.1 | 32.00 | 65.00 | 97.00 | NOTE |
Version: 0.0.1
Check: LazyData
Result: NOTE
'LazyData' is specified without a 'data' directory
Flavors: r-devel-linux-x86_64-debian-clang, r-devel-linux-x86_64-debian-gcc, r-devel-linux-x86_64-fedora-clang, r-devel-linux-x86_64-fedora-gcc, r-prerel-macos-arm64, r-prerel-windows-x86_64, r-patched-linux-x86_64, r-release-linux-x86_64, r-release-macos-arm64, r-release-macos-x86_64, r-release-windows-x86_64, r-oldrel-macos-arm64, r-oldrel-windows-x86_64
Version: 0.0.1
Check: C++ specification
Result: NOTE
Specified C++11: please drop specification unless essential
Flavors: r-prerel-windows-x86_64, r-release-windows-x86_64