CRAN Package Check Results for Package exceedProb

Last updated on 2023-06-02 18:52:43 CEST.

Flavor Version Tinstall Tcheck Ttotal Status Flags
r-devel-linux-x86_64-debian-clang 0.0.1 32.63 26.39 59.02 NOTE
r-devel-linux-x86_64-debian-gcc 0.0.1 23.91 21.05 44.96 NOTE
r-devel-linux-x86_64-fedora-clang 0.0.1 85.09 NOTE
r-devel-linux-x86_64-fedora-gcc 0.0.1 83.20 NOTE
r-devel-windows-x86_64 0.0.1 26.00 61.00 87.00 NOTE
r-patched-linux-x86_64 0.0.1 NOTE
r-release-linux-x86_64 0.0.1 26.83 26.22 53.05 NOTE
r-release-macos-arm64 0.0.1 25.00 NOTE
r-release-macos-x86_64 0.0.1 38.00 NOTE
r-release-windows-x86_64 0.0.1 30.00 72.00 102.00 NOTE
r-oldrel-macos-arm64 0.0.1 27.00 NOTE
r-oldrel-macos-x86_64 0.0.1 33.00 NOTE
r-oldrel-windows-x86_64 0.0.1 31.00 69.00 100.00 NOTE

Check Details

Version: 0.0.1
Check: LazyData
Result: NOTE
     'LazyData' is specified without a 'data' directory
Flavors: r-devel-linux-x86_64-debian-clang, r-devel-linux-x86_64-debian-gcc, r-devel-linux-x86_64-fedora-clang, r-devel-linux-x86_64-fedora-gcc, r-devel-windows-x86_64, r-patched-linux-x86_64, r-release-linux-x86_64, r-release-macos-arm64, r-release-macos-x86_64, r-release-windows-x86_64, r-oldrel-macos-arm64, r-oldrel-macos-x86_64, r-oldrel-windows-x86_64

Version: 0.0.1
Check: C++ specification
Result: NOTE
     Specified C++11: please drop specification unless essential
Flavors: r-devel-windows-x86_64, r-release-windows-x86_64