Last updated on 2024-04-20 00:56:06 CEST.
Flavor | Version | Tinstall | Tcheck | Ttotal | Status | Flags |
---|---|---|---|---|---|---|
r-devel-linux-x86_64-debian-clang | 0.3.2 | 2.20 | 67.36 | 69.56 | NOTE | |
r-devel-linux-x86_64-debian-gcc | 0.3.2 | NOTE | ||||
r-devel-linux-x86_64-fedora-clang | 0.3.2 | 92.07 | NOTE | |||
r-devel-linux-x86_64-fedora-gcc | 0.3.2 | 87.84 | NOTE | |||
r-prerel-macos-arm64 | 0.3.2 | 34.00 | NOTE | |||
r-prerel-windows-x86_64 | 0.3.2 | 7.00 | 80.00 | 87.00 | NOTE | |
r-patched-linux-x86_64 | 0.3.2 | 3.05 | 66.28 | 69.33 | NOTE | |
r-release-linux-x86_64 | 0.3.2 | 2.62 | 65.40 | 68.02 | NOTE | |
r-release-macos-arm64 | 0.3.2 | 34.00 | NOTE | |||
r-release-macos-x86_64 | 0.3.2 | 50.00 | NOTE | |||
r-release-windows-x86_64 | 0.3.2 | 10.00 | 94.00 | 104.00 | NOTE | |
r-oldrel-macos-arm64 | 0.3.2 | 32.00 | NOTE | |||
r-oldrel-windows-x86_64 | 0.3.2 | 11.00 | 100.00 | 111.00 | NOTE |
Version: 0.3.2
Check: LazyData
Result: NOTE
'LazyData' is specified without a 'data' directory
Flavors: r-devel-linux-x86_64-debian-clang, r-devel-linux-x86_64-debian-gcc, r-devel-linux-x86_64-fedora-clang, r-devel-linux-x86_64-fedora-gcc, r-prerel-macos-arm64, r-prerel-windows-x86_64, r-patched-linux-x86_64, r-release-linux-x86_64, r-release-macos-arm64, r-release-macos-x86_64, r-release-windows-x86_64, r-oldrel-macos-arm64, r-oldrel-windows-x86_64
Version: 0.3.2
Check: installed package size
Result: NOTE
installed size is 14.1Mb
sub-directories of 1Mb or more:
exiftool 14.0Mb
Flavors: r-prerel-macos-arm64, r-prerel-windows-x86_64, r-release-macos-arm64, r-release-macos-x86_64, r-release-windows-x86_64, r-oldrel-macos-arm64, r-oldrel-windows-x86_64