Last updated on 2023-06-02 18:52:44 CEST.
Flavor | Version | Tinstall | Tcheck | Ttotal | Status | Flags |
---|---|---|---|---|---|---|
r-devel-linux-x86_64-debian-clang | 0.3.10 | 9.30 | 89.42 | 98.72 | OK | |
r-devel-linux-x86_64-debian-gcc | 0.3.10 | 8.40 | 66.84 | 75.24 | OK | |
r-devel-linux-x86_64-fedora-clang | 0.3.10 | 123.75 | OK | |||
r-devel-linux-x86_64-fedora-gcc | 0.3.10 | 126.81 | OK | |||
r-devel-windows-x86_64 | 0.3.10 | 11.00 | 83.00 | 94.00 | OK | |
r-patched-linux-x86_64 | 0.3.10 | OK | ||||
r-release-linux-x86_64 | 0.3.10 | 6.74 | 83.77 | 90.51 | OK | |
r-release-macos-arm64 | 0.3.10 | 42.00 | OK | |||
r-release-macos-x86_64 | 0.3.9 | 72.00 | NOTE | |||
r-release-windows-x86_64 | 0.3.10 | 13.00 | 95.00 | 108.00 | OK | |
r-oldrel-macos-arm64 | 0.3.10 | 35.00 | OK | |||
r-oldrel-macos-x86_64 | 0.3.10 | 52.00 | OK | |||
r-oldrel-windows-x86_64 | 0.3.10 | 13.00 | 101.00 | 114.00 | OK |
Version: 0.3.9
Check: package dependencies
Result: NOTE
Packages suggested but not available for checking:
'FactoMineR', 'GDAtools', 'quanteda', 'quanteda.textmodels'
Flavor: r-release-macos-x86_64
Version: 0.3.9
Check: Rd cross-references
Result: NOTE
Packages unavailable to check Rd xrefs: ‘FactoMineR’, ‘GDAtools’, ‘quanteda.textmodels’
Flavor: r-release-macos-x86_64