CRAN Package Check Results for Package exploratory

Last updated on 2021-09-19 04:52:58 CEST.

Flavor Version Tinstall Tcheck Ttotal Status Flags
r-devel-linux-x86_64-debian-clang 0.3.13 9.39 83.82 93.21 OK
r-devel-linux-x86_64-debian-gcc 0.3.13 7.32 63.57 70.89 OK
r-devel-linux-x86_64-fedora-clang 0.3.13 114.85 OK
r-devel-linux-x86_64-fedora-gcc 0.3.13 105.14 OK
r-devel-windows-x86_64 0.3.13 11.00 117.00 128.00 OK
r-devel-windows-x86_64-gcc10-UCRT 0.3.13 ERROR
r-patched-linux-x86_64 0.3.13 10.21 71.21 81.42 OK
r-patched-solaris-x86 0.3.13 131.80 OK
r-release-linux-x86_64 0.3.13 8.97 70.69 79.66 OK
r-release-macos-arm64 0.3.13 OK
r-release-macos-x86_64 0.3.13 OK
r-release-windows-ix86+x86_64 0.3.13 22.00 70.00 92.00 OK
r-oldrel-macos-x86_64 0.3.13 OK
r-oldrel-windows-ix86+x86_64 0.3.13 22.00 74.00 96.00 OK

Check Details

Version: 0.3.13
Check: whether package can be installed
Result: WARN
    Found the following significant warnings:
     WARNING: installation-time patches will not be applied, could not get the patches index
Flavor: r-devel-windows-x86_64-gcc10-UCRT

Version: 0.3.13
Check: PDF version of manual
Result: WARN
    LaTeX errors when creating PDF version.
    This typically indicates Rd problems.
Flavor: r-devel-windows-x86_64-gcc10-UCRT

Version: 0.3.13
Check: PDF version of manual without hyperrefs or index
Result: ERROR
    Re-running with no redirection of stdout/stderr.
Flavor: r-devel-windows-x86_64-gcc10-UCRT