Last updated on 2024-04-25 00:55:56 CEST.
Flavor | Version | Tinstall | Tcheck | Ttotal | Status | Flags |
---|---|---|---|---|---|---|
r-devel-linux-x86_64-debian-clang | 0.0.4 | 5.37 | 55.37 | 60.74 | NOTE | |
r-devel-linux-x86_64-debian-gcc | 0.0.4 | 4.54 | 41.87 | 46.41 | NOTE | |
r-devel-linux-x86_64-fedora-clang | 0.0.4 | 79.41 | NOTE | |||
r-devel-linux-x86_64-fedora-gcc | 0.0.4 | 71.73 | NOTE | |||
r-devel-windows-x86_64 | 0.0.4 | 9.00 | 67.00 | 76.00 | NOTE | |
r-patched-linux-x86_64 | 0.0.4 | 5.57 | 53.36 | 58.93 | NOTE | |
r-release-linux-x86_64 | 0.0.4 | 6.06 | 54.11 | 60.17 | NOTE | |
r-release-macos-arm64 | 0.0.4 | 27.00 | NOTE | |||
r-release-windows-x86_64 | 0.0.4 | 7.00 | 66.00 | 73.00 | NOTE | |
r-oldrel-macos-arm64 | 0.0.4 | 29.00 | NOTE | |||
r-oldrel-macos-x86_64 | 0.0.4 | 38.00 | NOTE | |||
r-oldrel-windows-x86_64 | 0.0.4 | 9.00 | 71.00 | 80.00 | NOTE |
Version: 0.0.4
Check: Rd files
Result: NOTE
checkRd: (-1) codePasses.Rd:64: Escaped LaTeX specials: \#
Flavors: r-devel-linux-x86_64-debian-clang, r-devel-linux-x86_64-debian-gcc, r-devel-linux-x86_64-fedora-clang, r-devel-linux-x86_64-fedora-gcc, r-devel-windows-x86_64, r-patched-linux-x86_64, r-release-linux-x86_64, r-release-macos-arm64, r-release-windows-x86_64, r-oldrel-macos-arm64, r-oldrel-macos-x86_64, r-oldrel-windows-x86_64